digit of 126500?
2
What is the hundreds digit of 39778?
7
What is the tens digit of 6699?
9
What is the units digit of 5619?
9
What is the hundreds digit of 7447?
4
What is the tens digit of 962?
6
What is the hundreds digit of 8127?
1
What is the tens digit of 1891?
9
What is the units digit of 1579?
9
What is the hundreds digit of 348?
3
What is the ten thousands digit of 29578?
2
What is the hundreds digit of 11738?
7
What is the hundred thousands digit of 104692?
1
What is the ten thousands digit of 36245?
3
What is the ten thousands digit of 28546?
2
What is the ten thousands digit of 17221?
1
What is the thousands digit of 39283?
9
What is the tens digit of 9587?
8
What is the units digit of 572?
2
What is the tens digit of 10958?
5
What is the units digit of 2296?
6
What is the ten thousands digit of 21187?
2
What is the units digit of 73975?
5
What is the thousands digit of 2361?
2
What is the thousands digit of 3627?
3
What is the tens digit of 19815?
1
What is the units digit of 96765?
5
What is the units digit of 6162?
2
What is the hundreds digit of 4719?
7
What is the hundreds digit of 120166?
1
What is the ten thousands digit of 41182?
4
What is the thousands digit of 41572?
1
What is the hundreds digit of 5281?
2
What is the units digit of 52?
2
What is the hundreds digit of 155?
1
What is the thousands digit of 10889?
0
What is the units digit of 143040?
0
What is the ten thousands digit of 40160?
4
What is the thousands digit of 16817?
6
What is the thousands digit of 122825?
2
What is the units digit of 61218?
8
What is the tens digit of 499?
9
What is the thousands digit of 9247?
9
What is the units digit of 1605?
5
What is the tens digit of 8682?
8
What is the tens digit of 259?
5
What is the thousands digit of 92149?
2
What is the thousands digit of 1836?
1
What is the thousands digit of 32667?
2
What is the units digit of 4689?
9
What is the thousands digit of 13250?
3
What is the ten thousands digit of 12982?
1
What is the units digit of 3318?
8
What is the tens digit of 5773?
7
What is the units digit of 323?
3
What is the hundreds digit of 2071?
0
What is the hundreds digit of 248?
2
What is the hundreds digit of 2465?
4
What is the hundreds digit of 1210?
2
What is the units digit of 259?
9
What is the units digit of 42393?
3
What is the units digit of 2934?
4
What is the thousands digit of 1956?
1
What is the hundreds digit of 2438?
4
What is the tens digit of 66?
6
What is the thousands digit of 5558?
5
What is the hundreds digit of 1001?
0
What is the units digit of 3929?
9
What is the units digit of 4?
4
What is the thousands digit of 15023?
5
What is the tens digit of 3374?
7
What is the units digit of 11311?
1
What is the thousands digit of 103207?
3
What is the tens digit of 580?
8
What is the units digit of 3456?
6
What is the thousands digit of 2188?
2
What is the thousands digit of 27123?
7
What is the thousands digit of 21014?
1
What is the units digit of 9477?
7
What is the hundreds digit of 832?
8
What is the tens digit of 37166?
6
What is the units digit of 14416?
6
What is the units digit of 3615?
5
What is the units digit of 39699?
9
What is the hundreds digit of 25745?
7
What is the ten thousands digit of 123547?
2
What is the units digit of 1140?
0
What is the thousands digit of 131745?
1
What is the hundreds digit of 119017?
0
What is the units digit of 105997?
7
What is the hundreds digit of 2170?
1
What is the units digit of 4483?
3
What is the thousands digit of 32641?
2
What is the hundreds digit of 21379?
3
What is the hundreds digit of 17286?
2
What is the hundreds digit of 1433?
4
What is the units digit of 79663?
3
What is the ten thousands digit of 14592?
1
What is the units digit of 14214?
4
What is the units digit of 2359?
9
What is the tens digit of 12091?
9
What is the thousands digit of 2152?
2
What is the tens digit of 808?
0
What is the tens digit of 7925?
2
What is the units digit of 93638?
8
What is the tens digit of 356?
5
What is the tens digit of 27616?
1
What is the tens digit of 1760?
6
What is the thousands digit of 7958?
7
What is the hundreds digit of 456?
4
What is the units digit of 4246?
6
What is the hundreds digit of 928?
9
What is the units digit of 482?
2
What is the hundreds digit of 2717?
7
What is the hundreds digit of 715?
7
What is the units digit of 348?
8
What is the tens digit of 2064?
6
What is the ten thousands digit of 14778?
1
What is the units digit of 5871?
1
What is the tens digit of 2256?
5
What is the tens digit of 1905?
0
What is the tens digit of 115?
1
What is the units digit of 5147?
7
What is the tens digit of 20530?
3
What is the units digit of 16378?
8
What is the units digit of 4627?
7
What is the hundreds digit of 9154?
1
What is the units digit of 187?
7
What is the thousands digit of 1095?
1
What is the thousands digit of 7456?
7
What is the units digit of 4886?
6
What is the thousands digit of 13506?
3
What is the units digit of 18?
8
What is the units digit of 4496?
6
What is the units digit of 3892?
2
What is the hundreds digit of 802?
8
What is the ten thousands digit of 23701?
2
What is the tens digit of 19091?
9
What is the hundreds digit of 9261?
2
What is the hundreds digit of 284?
2
What is the tens digit of 55740?
4
What is the thousands digit of 5311?
5
What is the hundreds digit of 11072?
0
What is the units digit of 8940?
0
What is the thousands digit of 1488?
1
What is the thousands digit of 1018?
1
What is the units digit of 3095?
5
What is the tens digit of 4573?
7
What is the units digit of 78618?
8
What is the hundreds digit of 7288?
2
What is the ten thousands digit of 13053?
1
What is the units digit of 9259?
9
What is the units digit of 77522?
2
What is the thousands digit of 5963?
5
What is the tens digit of 6118?
1
What is the thousands digit of 2702?
2
What is the units digit of 39152?
2
What is the units digit of 543?
3
What is the hundreds digit of 4027?
0
What is the tens digit of 2133?
3
What is the units digit of 18881?
1
What is the tens digit of 30651?
5
What is the tens digit of 25296?
9
What is the thousands digit of 3299?
3
What is the units digit of 1946?
6
What is the hundreds digit of 6649?
6
What is the hundreds digit of 3113?
1
What is the hundreds digit of 17529?
5
What is the units digit of 22727?
7
What is the ten thousands digit of 12219?
1
What is the hundreds digit of 387?
3
What is the ten thousands digit of 13420?
1
What is the thousands digit of 8945?
8
What is the hundreds digit of 9191?
1
What is the hundreds digit of 3765?
7
What is the hundreds digit of 41674?
6
What is the hundreds digit of 1613?
6
What is the units digit of 1365?
5
What is the ten thousands digit of 106232?
0
What is the thousands digit of 12886?
2
What is the hundreds digit of 4910?
9
What is the thousands digit of 23018?
3
What is the ten thousands digit of 12596?
1
What is the hundreds digit of 1004?
0
What is the tens digit of 95884?
8
What is the thousands digit of 66590?
6
What is the thousands digit of 45352?
5
What is the tens digit of 3664?
6
What is the hundreds digit of 2235?
2
What is the hundreds digit of 571?
5
What is the thousands digit of 27230?
7
What is the thousands digit of 4051?
4
What is the tens digit of 53121?
2
What is the ten thousands digit of 61695?
6
What is the tens digit of 2936?
3
What is the tens digit of 19491?
9
What is the units digit of 17927?
7
What is the hundreds digit of 38099?
0
What is the ten thousands digit of 23505?
2
What is the thousands digit of 1721?
1
What is the hundreds digit of 21798?
7
What is the ten thousands digit of 66141?
6
What is the units digit of 46850?
0
What is the tens digit of 16122?
2
What is the hundreds digit of 23700?
7
What is the tens digit of 614?
1
What is the units digit of 6465?
5
What is the ten thousands digit of 88371?
8
What is the units digit of 1134?
4
What is the thousands digit of 3221?
3
What is the tens digit of 10020?
2
What is the hundreds digit of 36478?
4
What is the tens digit of 65325?
2
What is the hundreds digit of 50940?
9
What is the tens digit of 12054?
5
What is the tens digit of 10133?
3
What is the units digit of 1422?
2
What is the units digit of 1471?
1
What is the tens digit of 195?
9
What is the tens digit of 